-12) - 1/(-4). Let q = -2 - b. Calculate the remainder when q is divided by 15.
13
Suppose -2*i + 6 = 2. Suppose 5*p = 15, -i*n + n = 5*p - 10. Let u(k) = -5*k - 8. What is the remainder when u(n) is divided by 6?
5
Suppose -5 = i + 4*a, 1 = a + 3. Suppose -i*g + 37 = -2*s, g - 5 = -0*s - 3*s. Let r = 13 - 9. Calculate the remainder when g is divided by r.
3
Let a = 3 + -15. Suppose -11*s = -s - 220. What is the remainder when s is divided by (-34)/(-6) + (-4)/a?
4
Let z = -44 - -56. What is the remainder when 20 is divided by z?
8
Let c(h) = 2*h**2 - 4. Let z be ((-1)/(-2))/(8/32). What is the remainder when c(z) is divided by 1?
0
Calculate the remainder when (-523)/(-4) + (-4)/96*-6 is divided by 44.
43
Suppose 4*s = -3*m - 5 - 3, -5*m - 4 = 2*s. Let h(f) = m + 1 + 4 + 0*f - f**3 - 6*f - 6*f**2. What is the remainder when 29 is divided by h(-5)?
9
Suppose 0 = -12*y + 8*y + 1260. Calculate the remainder when y is divided by 32.
27
Let a = -203 + 211. Calculate the remainder when 21 is divided by a.
5
Suppose -3*n - 2*k - 3*k = -11, 4*n - 38 = -2*k. Suppose 90 = n*g - 42. Calculate the remainder when 52 is divided by g.
8
Let o = -10 - -5. Let n be ((-9)/(-3)*-1)/((-18)/66). Let z = n + o. Calculate the remainder when 17 is divided by z.
5
Let c = 36 - 7. Let q = 81 - 17. Suppose b - 5*b + q = 0. What is the remainder when c is divided by b?
13
Let j be ((-65)/20)/(39/(-12) + 3). Suppose -3*q + 3*u = -141, -j + 1 = -4*u. What is the remainder when q is divided by 27?
23
Let o(l) = 7*l**2 - l. Let a be o(1). Suppose -a*d + 4*d + 68 = 0. Let r = -984 + 996. Calculate the remainder when d is divided by r.
10
Suppose -5*k - 7 - 11 = -2*g, 0 = -2*g + k + 10. Suppose q - i = 10 + 30, 0 = -q + g*i + 31. Calculate the remainder when q is divided by 9.
7
Suppose 22*n - 244 = 18*n + 4*b, -4*n - 2*b = -220. Calculate the remainder when 112 is divided by n.
55
Let g(m) = 3*m + 27. Let l be g(-5). Suppose l*u - 430 = 2*u. Calculate the remainder when u is divided by 11.
10
Let s = 81 - 80. What is the remainder when 46 is divided by (37/5 + -6)/(s/5)?
4
Suppose -3*j + 253 = 5*s - 122, -5*j + 2*s = -594. Calculate the remainder when j is divided by 22.
10
What is the remainder when 605 is divided by (0 - (-3 + 0))/(360/3840)?
29
Let u be (2/8)/((-1)/(-4)) - 5. Let l(n) = 8*n**2 + n + 6. What is the remainder when l(u) is divided by 22?
20
Let t(r) = 3*r**3 - 5*r**2 + r - 2. Let l be t(2). Suppose -35 = -3*f - l*c + 14, 0 = -3*f - c + 64. Calculate the remainder when 68 is divided by f.
22
Let l = -228 + 321. Calculate the remainder when l is divided by 21.
9
Let q be 6/4*80/(-3). Let h = q - -58. Calculate the remainder when h is divided by 12.
6
Calculate the remainder when (-34 + 28)/((-6)/62)*7 is divided by 141.
11
Let a = -155 + 217. What is the remainder when a is divided by 16?
14
Let b(m) = m**2 + m - 4. Let y be b(-3). Suppose 0*q = y*g - 4*q - 60, 0 = -4*g - 2*q + 120. Calculate the remainder when 87 is divided by g.
27
Suppose 13*d + 600 = 16*d. Calculate the remainder when d is divided by 67.
66
Suppose 7 = 2*j - j - 2*u, 0 = 4*u. Let f(v) = v**2 + 7*v - 10. Let m be f(-8). Calculate the remainder when 6/(-12) + (-27)/m is divided by j.
6
Suppose 375*l = 385*l - 490. What is the remainder when l is divided by 28?
21
Let u = 266 + -229. What is the remainder when 184 is divided by u?
36
Suppose 0 = -3*d + 247 - 241. Suppose 3*j + 0*j + 87 = 3*k, d*k = -j + 55. Suppose 2*c + 2*c = 440. What is the remainder when c is divided by k?
26
Let u = 28 + -21. Suppose 20 = -u*n + 11*n. What is the remainder when (2 - n - -6) + 56 is divided by 31?
28
What is the remainder when (-71)/((-3 + 9)/(-18)) is divided by 57?
42
Suppose 186 = 2*a - 8. Calculate the remainder when a is divided by 14/(-77) + (-3456)/(-132).
19
Let j(b) = -2*b + 3*b**2 - b + 11*b**2 - 3*b**2 + 2. What is the remainder when 59 is divided by j(1)?
9
Let t = 17 + -7. Let c = -82 + 76. Calculate the remainder when 28 is divided by t*(9/c + 3).
13
Let v(k) = 2*k - 24. Let j be v(13). What is the remainder when -3 + (-207)/((-6)/j) is divided by 24?
18
Suppose 3*i = 4*i - 7. Suppose -3*a = -5*r - 351 - 55, 0 = r - 4*a + 88. Let z = -61 - r. Calculate the remainder when z is divided by i.
5
Suppose 19*l = 1093 + 731. What is the remainder when l is divided by 84?
12
Suppose 5*r - 4*r = 3*y + 168, 3*y = -5*r - 186. Calculate the remainder when 21 is divided by (-36)/10*95/y.
3
Suppose 0 = 3*u - 38 + 26. What is the remainder when 11 is divided by u?
3
Calculate the remainder when (33/88)/((-4)/848)*-2 is divided by 80.
79
Suppose 4*i - 661 = 3*x, -304*i - 2*x + 517 = -301*i. Calculate the remainder when i is divided by 37.
21
Let m(i) = i**2 + 6*i - 98. Calculate the remainder when m(15) is divided by 95.
27
Calculate the remainder when 42 is divided by (-2)/(-13) + (-423)/(-39).
9
Suppose -16 = 4*x + 4*j, -2*j + 16 = x - 5*j. Calculate the remainder when 18 is divided by (-2)/(x*(-4)/14).
4
Let a(t) = t + 22. Let q(r) = -6*r + 3. Let v be q(4). Suppose -3 = 3*u, -2*y + 5*u + 4 + 5 = 0. Calculate the remainder when y is divided by a(v).
0
Suppose 0 = -5*n - 233 + 343. Let l(c) = 9*c - 6. What is the remainder when l(7) is divided by n?
13
Let m(p) = p**2 - p - 2. Let y be m(0). Let o = y - 0. What is the remainder when 16 is divided by (72/(-20))/(o/5)?
7
Suppose 182 - 164 = l. Calculate the remainder when 18 is divided by l.
0
Suppose -u - 14 = -61. What is the remainder when u is divided by 17?
13
Let o(k) = -7*k - 55. Calculate the remainder when o(-17) is divided by (-2)/3 + (-53)/(-3).
13
Let c = -36 + 97. Suppose -2*d = -0*d - 62. What is the remainder when c is divided by d?
30
Let d(f) = -10*f**3 - f - 1. Suppose -21 + 16 = 5*u. Calculate the remainder when 16 is divided by d(u).
6
Let o(z) = z**2 - 6*z + 13. Let c be o(6). Suppose 3*g = -5*k + 37, -4*k - 2*g = g - 32. Suppose -k*l + c = 3. Calculate the remainder when 7 is divided by l.
1
Let y(d) be the third derivative of -5*d**4/24 + 8*d**3/3 + 52*d**2 + 1. What is the remainder when 8 is divided by y(2)?
2
Suppose 4 = h, -5*o + h = 3*h - 158. Suppose -i - o = -2*x - 2*x, -4*x = i - 34. Suppose 2*q - 54 + x = 0. What is the remainder when 43 is divided by q?
20
What is the remainder when 72 is divided by 582/9 - ((-49)/21 - -3)?
8
Suppose -3*v = -2*j - 33, 2*j + 9 = v + 2. What is the remainder when 59 is divided by v?
7
Let m = -533 - -535. Calculate the remainder when 5 is divided by m.
1
Let u = 637 + -319. Let y be (u/(-5))/((-6)/140). What is the remainder when 1/(4 - y/372) is divided by 24?
21
Let r(a) = a**2 - 13*a + 25. Let b be r(11). What is the remainder when 67/3 + (-1)/b is divided by 13?
9
Let u(c) = 5*c**2 - 4*c - 4. Calculate the remainder when u(4) is divided by ((-21)/4)/((-2)/8).
18
Let w(y) = y**2 + 10*y + 4. Let n be w(-8). Calculate the remainder when 31 is divided by 15 - (n/(-2) - 3).
7
Let i = 1 - 1. Let u(f) = -7*f - 34. Let v be u(-6). Suppose -3*t - 5*a - 8 = i, a + v = t - 0*a. Calculate the remainder when 5 is divided by t.
1
Suppose -5*p + 4*s = -p - 88, 0 = 2*s. Calculate the remainder when 73 is divided by p.
7
Let i(d) = 2*d + 3. What is the remainder when -3 + (0 - -110)/1 is divided by i(12)?
26
Suppose 107 = 5*r + 4*q, -5*r + 2*q = -8*r + 63. What is the remainder when r is divided by 13?
6
Suppose 4*a + 7 = t, t + 5*a = 3*t - 11. Let n be t - 4 - (0 - 0). Calculate the remainder when 41 is divided by (-11*(n - 1))/2.
8
Suppose 0*p + 14*p = 4*p + 610. Suppose -353 = -5*u + 222. Calculate the remainder when u is divided by p.
54
Suppose -5*u + 2*u + 3 = 0. Let i be (0 - 2)*(0 - 3). Suppose -i*v + 3 = -5*v. What is the remainder when v is divided by u?
0
Let b = -5454 - -5455. Suppose 2*w + 2*w = 8. Calculate the remainder when (w - (-10)/(-4))*-4 is divided by b.
0
Suppose -5*k + 16 = -3*k + 4*v, -5*k - 2*v + 80 = 0. What is the remainder when k is divided by 6?
0
Suppose -2*u + i + 661 = 0, -5*u - 52*i + 1654 = -54*i. What is the remainder when u is divided by 89?
65
Suppose 0 = 9*q - 13*q + 100. Suppose -3*t - q = -103. Calculate the remainder when 73 is divided by t.
21
Suppose 4*f = 5*f - 3*r - 18, 6 = -3*f - 3*r. Let o = f - 0. Suppose -d + 2 = -4*p - 14, -o*d + 88 = -2*p. What is th